hat is 3 - 103111211103?
-103111211100
In base 9, what is 111 + -2261045?
-2260834
In base 11, what is 14313a1 + -19?
1431383
In base 4, what is -203122 - 1331303?
-2201031
In base 3, what is -120220 + 1011202200?
1011011210
In base 8, what is -173 - -2137133?
2136740
In base 15, what is 1ccc626 - -d?
1ccc634
In base 11, what is 87 - -120a02?
120a89
In base 6, what is 1225455210 - 5?
1225455201
In base 10, what is 99 - 20873?
-20774
In base 15, what is -3 + 222b44?
222b41
In base 6, what is 0 + 124552234?
124552234
In base 7, what is 1560001 + 100?
1560101
In base 6, what is 204320324 + -42?
204320242
In base 11, what is -1a5 - -263266?
263071
In base 8, what is 17747436 + -5?
17747431
In base 5, what is 124243 - -13132013?
13311311
In base 2, what is 1000 - 10000101010100110110?
-10000101010100101110
In base 12, what is -660 - -201a27?
201387
In base 2, what is 101011000111011010 + 10101?
101011000111101111
In base 11, what is -4a5a813 - 4?
-4a5a817
In base 7, what is -213650241 - -11?
-213650230
In base 15, what is 2ac4 - 10c?
29b7
In base 4, what is 2212311130 + -10?
2212311120
In base 12, what is 96a + -5218?
-446a
In base 15, what is -5 - 3a73059?
-3a7305e
In base 13, what is 0 - 7a72499?
-7a72499
In base 12, what is -261 + -18537?
-18798
In base 11, what is -945122 + 10?
-945112
In base 2, what is 1101111111011 - 1000101111000?
101010000011
In base 10, what is 2 + 10719527?
10719529
In base 5, what is 4034111 + 2143?
4041304
In base 2, what is 1010110000000110110100 - 111010?
1010110000000101111010
In base 2, what is -1101100101000010110100 - 10100111?
-1101100101000101011011
In base 10, what is 719 - 52962?
-52243
In base 15, what is -9dda1 - -46?
-9dd5a
In base 8, what is 33277 - -17647?
53146
In base 12, what is 43 - 1b63a?
-1b5b7
In base 12, what is 11749 + 9b7?
12544
In base 2, what is -100 + -1110001000010111111100?
-1110001000011000000000
In base 4, what is 1000 - -111031110?
111032110
In base 15, what is -3 + e5d762b?
e5d7628
In base 5, what is 12233331212 + 10?
12233331222
In base 6, what is -54300 + 12330?
-41530
In base 2, what is -101011110111 + 1000110110100100?
1000001010101101
In base 6, what is -1350434 + -1202?
-1352040
In base 7, what is 4220 + 3064661?
3102211
In base 6, what is -2120234 + 2101?
-2114133
In base 3, what is -11000122200202102 + 11?
-11000122200202021
In base 13, what is -694 + -79c36?
-7a5ca
In base 6, what is 154422033 + -2?
154422031
In base 16, what is -baaa2 - 0?
-baaa2
In base 12, what is 16 - 195440a1?
-19544087
In base 12, what is -3 - 4852a8b8?
-4852a8bb
In base 12, what is -650265 + 9?
-650258
In base 15, what is 54c + 68c?
bd9
In base 12, what is -3 + 2580b4?
2580b1
In base 4, what is -10 - -33202000021?
33202000011
In base 15, what is d5 + -9e0?
-90a
In base 3, what is -2010020 - -1222021110?
1220011020
In base 12, what is 4 - 2b58145?
-2b58141
In base 6, what is -1340 + 1543032?
1541252
In base 14, what is -9bad4 - 2?
-9bad6
In base 9, what is 2 + 33780472?
33780474
In base 15, what is -34e - 1a668?
-1a9b7
In base 16, what is 32c95832 - -3?
32c95835
In base 6, what is 10 - -320312034?
320312044
In base 13, what is 329a61a1 - 4?
329a619a
In base 12, what is -1b + -50047?
-50066
In base 12, what is 51 - 12334?
-122a3
In base 8, what is 47270 - -132?
47422
In base 6, what is 343144 - -44?
343232
In base 4, what is -310300 + -1213313?
-2130213
In base 9, what is -41430738 + 10?
-41430728
In base 3, what is 210201 + 212212012?
220122220
In base 2, what is 1011100010011010100011110 + 110?
1011100010011010100100100
In base 11, what is 42277a52 + 4?
42277a56
In base 8, what is -40754 - 276?
-41252
In base 15, what is -5ab3c - 7?
-5ab44
In base 6, what is -102231000 + -1?
-102231001
In base 9, what is 17 + 3244502?
3244520
In base 10, what is -1428 + 84325?
82897
In base 11, what is a + 23a46?
23a55
In base 6, what is 4 + 420150324?
420150332
In base 10, what is -381 - -2120?
1739
In base 5, what is 221012244214 + 1?
221012244220
In base 10, what is -9 - 49296216?
-49296225
In base 14, what is 116 - 13bbd?
-13aa7
In base 10, what is 11218 - 5874?
5344
In base 4, what is 231020 - -122201033?
123032113
In base 5, what is -30 - 312424001?
-312424031
In base 13, what is 26 - 6ac58?
-6ac32
In base 7, what is 124 - -120431032?
120431156
In base 4, what is -30 - -113322201?
113322111
In base 16, what is 4074c - 16c?
405e0
In base 15, what is -132 - -2384?
2252
In base 7, what is -32202026 + 1005?
-32201021
In base 13, what is -9 + -c3185c?
-c31868
In base 10, what is 4 + -11115778?
-11115774
In base 2, what is 1011111111 + 101001011100?
110101011011
In base 14, what is 1bb0 + -3564?
-1794
In base 10, what is 2 - -4185150?
4185152
In base 3, what is -11101101222010120 + 1?
-11101101222010112
In base 2, what is -10011110110001101 + 10111111?
-10011110011001110
In base 5, what is 3 + -3320131124?
-3320131121
In base 9, what is 741 - -24877?
25728
In base 15, what is 370 - 2001?
-1b81
In base 5, what is -2 - 114331400?
-114331402
In base 11, what is -a0960211 - -1?
-a0960210
In base 10, what is -88 + -4775037?
-4775125
In base 15, what is 9e3868b7 + 3?
9e3868ba
In base 15, what is -1 + 41c5?
41c4
In base 11, what is -30785322 - 2?
-30785324
In base 4, what is -333 - -22020103?
22013110
In base 6, what is 31 - 353552?
-353521
In base 8, what is 23111707 - 6?
23111701
In base 12, what is 8a6540 - 1?
8a653b
In base 16, what is 0 + -1c193dc?
-1c193dc
In base 9, what is 32313 - 31?
32272
In base 2, what is 0 + -1100100100101100011011?
-1100100100101100011011
In base 15, what is 2548e - 2ae0?
2289e
In base 10, what is -5 + 38511034?
38511029
In base 6, what is 114 + -2353501202?
-2353501044
In base 7, what is 444622 - -1620?
446542
In base 15, what is -166ebe64 + -2?
-166ebe66
In base 6, what is -243433 + -3410?
-251243
In base 8, what is 2005 - 1162463?
-1160456
In base 15, what is 0 + 278450c?
278450c
In base 16, what is -2e7 + 1dd96?
1daaf
In base 10, what is 320 - -13229?
13549
In base 13, what is -46b3c + -1490?
-482cc
In base 16, what is 750 - 6b69?
-6419
In base 16, what is 5 - 106675?
-106670
In base 6, what is 152 + -155552342?
-155552150
In base 5, what is 211310440332 - -1?
211310440333
In base 16, what is 1b + d0dd9c?
d0ddb7
In base 12, what is 1b3379 + 5a1?
1b395a
In base 10, what is -5 + -5714101?
-5714106
In base 16, what is 2 - -512673?
512675
In base 9, what is 42262513 - 4?
42262508
In base 7, what is 1 + -51456202?
-51456201
In base 10, what is -162953875 + -5?
-162953880
In base 11, what is -22a + -9953?
-a082
In base 13, what is 132a5b - 34?
132a27
In base 5, what is -1032 + -12002132?
-12003214
In base 2, what is -100110000010000100000100000 - -1?
-100110000010000100000011111
In base 6, what is -1303144332 - -155?
-1303144133
In base 10, what is -280450 - -894?
-279556
In base 4, what is -1 - 312023121?
-312023122
In base 11, what is -39092 + -207?
-39299
In base 6, what is 10 + -545001201?
-545001151
In base 2, what is 100 + 10100000111101001000000?
10100000111101001000100
In base 14, what is -5 - 6d1012?
-6d1017
In base 12, what is a49 + 6606?
7453
In base 12, what is -17 + -b8686b0?
-b868707
In base 14, what is 2 + 5572940?
5572942
In base 12, what is 91b241 + 3?
91b244
In base 10, what is -7017153 + 5?
-7017148
In base 16, what is -9fd7 + e08?
-91cf
In base 2, what is 11011000010010101011000 - 100?
11011000010010101010100
In base 12, what is a93 + -13a?
955
In base 14, what is -6d2a1 + 1066?
-6c239
In base 11, what is -9 - -1993559?
1993550
In base 12, what is 14396 - -2ab?
14685
In base 4, what is -20211311323 - 12?
-20211312001
In base 14, what is 2ab7 - -2a5?
2d7c
In base 5, what is 430 + -113413?
-112433
In base 16, what is ed + 310ac3?
310bb0
In base 3, what is -10201111112200210 - -1?
-10201111112200202
In base 14, what is -98 + -3d2?
-48a
In base 7, what is -62512554 - 5?
-62512562
In base 14, what is -dba5d99 - -5?
-dba5d94
In base 16, what is 39490 - -2e3?
39773
In base 7, what is 133403 - 152?
133221
In base 5, what is 131322024 + 11?
131322040
In base 14, what is -28d5 - -1b5?
-2720
In base 6, what is 105 + 4443044?
4443153
In base 2, what is -101 + 111011110010001111010011011?
111011110010001111010010110
In base 9, what is 3 + -72461280?
-72461276
In base 7, what is -1204 - 